{"id":28,"date":"2024-07-30T21:27:30","date_gmt":"2024-07-30T21:27:30","guid":{"rendered":"http:\/\/tjseqqc.cluster027.hosting.ovh.net\/?page_id=28"},"modified":"2026-02-24T21:47:25","modified_gmt":"2026-02-24T21:47:25","slug":"misja","status":"publish","type":"page","link":"https:\/\/sipsrodaslaska.pl\/index.php\/misja\/","title":{"rendered":"Misja"},"content":{"rendered":"\n<p><strong>Misj\u0105 \u015aredzkiego Inkubatora przedsi\u0119biorczo\u015bci jest pomoc w transformacji idei<br>i pomys\u0142\u00f3w w dzia\u0142aj\u0105ce przedsi\u0119biorstwa.<\/strong><\/p>\n\n\n\n<p>W marcu 2023 roku \u015aroda \u015al\u0105ska do\u0142\u0105czy\u0142a do grona gmin, kt\u00f3re otwieraj\u0105 si\u0119 na potrzeby lokalnego biznesu, oferuj\u0105c przedsi\u0119biorcom komfortow\u0105 przestrze\u0144 biurow\u0105 oraz doskonale wyposa\u017cone zaplecze szkoleniowe. \u015aredzki Inkubator Przedsi\u0119biorczo\u015bci to tak\u017ce instytucja, kt\u00f3ra wspiera rozw\u00f3j zawodowy oraz dzia\u0142a na rzecz podnoszenia poziomu osobistych kompetencji uczestnik\u00f3w szkole\u0144 i konferencji.<\/p>\n\n\n\n<p>Oferujemy dogodne warunki rozwoju zar\u00f3wno dla nowo powstaj\u0105cych, jak i ju\u017c dzia\u0142aj\u0105cych przedsi\u0119biorstw z sektora M\u015aP. Naszym celem jest zapewnienie kompleksowego wsparcia lokalowego, organizacyjnego oraz doradczego, kt\u00f3re u\u0142atwi przedsi\u0119biorcom funkcjonowanie na rynku i przyczyni si\u0119 do osi\u0105gni\u0119cia sukcesu.<\/p>\n\n\n\n<p>Rozwijaj Twoj\u0105 firm\u0119 ze \u015aredzkim Inkubatorem Przedsi\u0119biorczo\u015bci!<\/p>\n\n\n\n<figure class=\"wp-block-gallery has-nested-images columns-default is-cropped wp-block-gallery-1 is-layout-flex wp-block-gallery-is-layout-flex\">\n<figure class=\"wp-block-image size-large\"><img decoding=\"async\" data-id=\"152\" src=\"http:\/\/tjseqqc.cluster027.hosting.ovh.net\/wp-content\/uploads\/2024\/08\/cel.jpg\" alt=\"\" class=\"wp-image-152\"\/><\/figure>\n<\/figure>\n\n\n\n<p><\/p>\n","protected":false},"excerpt":{"rendered":"<p>Misj\u0105 \u015aredzkiego Inkubatora przedsi\u0119biorczo\u015bci jest pomoc w transformacji ideii pomys\u0142\u00f3w w dzia\u0142aj\u0105ce przedsi\u0119biorstwa. W marcu 2023 roku \u015aroda \u015al\u0105ska do\u0142\u0105czy\u0142a do grona gmin, kt\u00f3re otwieraj\u0105 si\u0119 na potrzeby lokalnego biznesu, oferuj\u0105c przedsi\u0119biorcom komfortow\u0105 przestrze\u0144 biurow\u0105 oraz doskonale wyposa\u017cone zaplecze szkoleniowe. \u015aredzki Inkubator Przedsi\u0119biorczo\u015bci to tak\u017ce instytucja, kt\u00f3ra wspiera rozw\u00f3j zawodowy oraz dzia\u0142a na rzecz podnoszenia&hellip;<\/p>\n","protected":false},"author":1,"featured_media":0,"parent":0,"menu_order":0,"comment_status":"closed","ping_status":"closed","template":"strony-kolumny","meta":{"footnotes":""},"class_list":["post-28","page","type-page","status-publish","hentry"],"_links":{"self":[{"href":"https:\/\/sipsrodaslaska.pl\/index.php\/wp-json\/wp\/v2\/pages\/28","targetHints":{"allow":["GET"]}}],"collection":[{"href":"https:\/\/sipsrodaslaska.pl\/index.php\/wp-json\/wp\/v2\/pages"}],"about":[{"href":"https:\/\/sipsrodaslaska.pl\/index.php\/wp-json\/wp\/v2\/types\/page"}],"author":[{"embeddable":true,"href":"https:\/\/sipsrodaslaska.pl\/index.php\/wp-json\/wp\/v2\/users\/1"}],"replies":[{"embeddable":true,"href":"https:\/\/sipsrodaslaska.pl\/index.php\/wp-json\/wp\/v2\/comments?post=28"}],"version-history":[{"count":5,"href":"https:\/\/sipsrodaslaska.pl\/index.php\/wp-json\/wp\/v2\/pages\/28\/revisions"}],"predecessor-version":[{"id":313,"href":"https:\/\/sipsrodaslaska.pl\/index.php\/wp-json\/wp\/v2\/pages\/28\/revisions\/313"}],"wp:attachment":[{"href":"https:\/\/sipsrodaslaska.pl\/index.php\/wp-json\/wp\/v2\/media?parent=28"}],"curies":[{"name":"wp","href":"https:\/\/api.w.org\/{rel}","templated":true}]}}