{"id":50,"date":"2024-07-30T21:57:49","date_gmt":"2024-07-30T21:57:49","guid":{"rendered":"http:\/\/tjseqqc.cluster027.hosting.ovh.net\/?page_id=50"},"modified":"2026-02-24T23:05:43","modified_gmt":"2026-02-24T23:05:43","slug":"oferta","status":"publish","type":"page","link":"https:\/\/sipsrodaslaska.pl\/index.php\/oferta\/","title":{"rendered":"Oferta \u015aredzkiego Inkubatora Przedsi\u0119biorczo\u015bci"},"content":{"rendered":"\n<p class=\"has-vivid-green-cyan-color has-text-color has-link-color wp-elements-4d27b06d085cdc31af018f633b694414\"><strong>LOKALE BIUROWE<\/strong><\/p>\n\n\n\n<p><strong>Kompleksowe wyposa\u017cenie<\/strong><br>Do dyspozycji przedsi\u0119biorc\u00f3w oddajemy 17 nowoczesnych lokali biurowych o powierzchni <br>od 12 do 60 m<sup>2 <\/sup>\u2013 w tym open space. Ka\u017cdy z nich posiada indywidualn\u0105 klimatyzacj\u0119 i dost\u0119p do Internetu. Najemcy mog\u0105 r\u00f3wnie\u017c korzysta\u0107 z urz\u0105dzenia wielofunkcyjnego (drukarka\/kopiarka\/skaner).<\/p>\n\n\n\n<p><strong>Wygoda i komfort<\/strong><br>Wszystkie pomieszczenia s\u0105 wyposa\u017cone w nowoczesne i ergonomiczne meble. Pozwala to koncentrowa\u0107 si\u0119 na prowadzeniu biznesu bez zb\u0119dnych trosk. Du\u017ce przeszklenia dodaj\u0105 charakteru naszej przestrzeni biurowej i zapewniaj\u0105 dost\u0119p do \u015bwiat\u0142a naturalnego, co sprzyja efektywno\u015bci i dobremu samopoczuciu os\u00f3b, kt\u00f3re pracuj\u0105 w Inkubatorze.<\/p>\n\n\n\n<p><strong>Bezpiecze\u0144stwo<\/strong><br>Zapewniamy wysoki poziom bezpiecze\u0144stwa poprzez system kontroli dost\u0119pu. Nasz budynek jest monitorowany przez ca\u0142\u0105 dob\u0119, dzi\u0119ki czemu mo\u017cecie Pa\u0144stwo mie\u0107 pewno\u015b\u0107, \u017ce wasze biuro oraz dane s\u0105 bezpieczne.<\/p>\n\n\n\n<p><strong>\u015awietnie wyposa\u017cone zaplecze socjalne<\/strong><br>Najemcy przestrzeni biurowej w ramach umowy otrzymuj\u0105 dost\u0119p do w pe\u0142ni wyposa\u017conej kuchni, w kt\u00f3rej znajd\u0105 wszystkie niezb\u0119dne naczynia oraz p\u0142yt\u0119 grzewcz\u0105, lod\u00f3wk\u0119, kuchenk\u0119 mikrofalow\u0105 i ekspres do kawy.<\/p>\n\n\n\n<p><strong>Dost\u0119pno\u015b\u0107 dla os\u00f3b z niepe\u0142nosprawno\u015bci\u0105<\/strong><br>Siedziba \u015aredzkiego Inkubatora Przedsi\u0119biorczo\u015bci zosta\u0142a zaprojektowana z my\u015bl\u0105 o zapewnieniu \u0142atwego dost\u0119pu i pe\u0142nej funkcjonalno\u015bci dla os\u00f3b z niepe\u0142nosprawno\u015bci\u0105. Szerokie korytarze, winda przystosowana do potrzeb os\u00f3b poruszaj\u0105cych si\u0119 na w\u00f3zkach inwalidzkich <br>oraz inne udogodnienia sprawiaj\u0105, \u017ce nasz obiekt jest przyjazny dla wszystkich.<\/p>\n\n\n\n<p class=\"has-vivid-green-cyan-color has-text-color has-link-color wp-elements-a8dba779540b86ad9f7824242bfa07f3\"><strong>WYNAJEM SAL<\/strong><\/p>\n\n\n\n<p><strong>SALA KONFERENCYJNA<\/strong> \u2013 o powierzchni 68 m<sup>2<\/sup>, przeznaczona dla oko\u0142o 70 os\u00f3b. Sala jest wyposa\u017cona w wysokiej klasy sprz\u0119t (nag\u0142o\u015bnienie, projektor, mobilny flipchart). Przylega do niej foyer o podobnej powierzchni, w kt\u00f3rym mo\u017cna zorganizowa\u0107 np. przerw\u0119 kawow\u0105. <br>Ca\u0142o\u015b\u0107 jest klimatyzowana. Zapewniamy mo\u017cliwo\u015b\u0107 organizacji cateringu. Wycena dokonywana jest w zale\u017cno\u015bci od potrzeb klienta.<\/p>\n\n\n\n<p class=\"has-vivid-green-cyan-color has-text-color has-link-color wp-elements-1c7b5f162f9ccad843c805874e709081\"><strong>SZKOLENIA ORAZ EVENTY FIRMOWE<\/strong><\/p>\n\n\n\n<p>My\u015blisz o organizacji firmowego eventu, lecz nie masz wystarczaj\u0105co du\u017co przestrzeni? Chcesz podnosi\u0107 kwalifikacje swoich pracownik\u00f3w, jednak nie masz czasu na organizacj\u0119 szkole\u0144? \u015aredzki Inkubator Przedsi\u0119biorczo\u015bci to instytucja otoczenia biznesu, kt\u00f3ra nie tylko udost\u0119pnia przestrze\u0144 <br>biurowo-konferencyjn\u0105, ale wspiera r\u00f3wnie\u017c rozw\u00f3j umiej\u0119tno\u015bci zawodowych i osobistych kompetencji przedsi\u0119biorc\u00f3w oraz os\u00f3b, kt\u00f3re chc\u0105 do\u0142\u0105czy\u0107 do ich grona.<\/p>\n\n\n\n<p>Opr\u00f3cz przedsi\u0119wzi\u0119\u0107 w\u0142asnych jeste\u015bmy tak\u017ce otwarci na propozycje wsp\u00f3\u0142pracy w zakresie organizacji szkole\u0144 i konferencji, \u015bniada\u0144 biznesowych oraz event\u00f3w firmowych.<\/p>\n\n\n\n<p>Doskona\u0142ym uzupe\u0142nieniem przestrzeni konferencyjnej jest du\u017cy teren zielony wok\u00f3\u0142 \u015aredzkiego Inkubatora Przedsi\u0119biorczo\u015bci, na kt\u00f3rym odbywaj\u0105 si\u0119 targi, eventy i pokazy. Uczestnicy wydarze\u0144 organizowanych w \u015aredzkim Inkubatorze Przedsi\u0119biorczo\u015bci maj\u0105 do dyspozycji bezp\u0142atny parking.<\/p>\n\n\n\n<p class=\"has-vivid-green-cyan-color has-text-color has-link-color wp-elements-e8654e8745eaae1e345b788764fcd9c2\"><strong>WIRTUALNY ADRES<\/strong><\/p>\n\n\n\n<p>W ramach tej us\u0142ugi oferujemy:<\/p>\n\n\n\n<ul class=\"wp-block-list\">\n<li>adres do rejestracji firmy<\/li>\n\n\n\n<li>obs\u0142ug\u0119 korespondencji przychodz\u0105cej<\/li>\n\n\n\n<li>informowanie o nadej\u015bciu nowej korespondencji<\/li>\n\n\n\n<li>raz w miesi\u0105cu wysy\u0142anie korespondencji na wskazany adres \u2013 na \u017cyczenie klienta<\/li>\n\n\n\n<li>przesy\u0142anie skan\u00f3w korespondencji<\/li>\n<\/ul>\n\n\n\n<p class=\"has-vivid-green-cyan-color has-text-color has-link-color wp-elements-253f1da10983015f690aacd60c33be95\"><strong>BIURKO W OPEN SPACE<\/strong> <\/p>\n\n\n\n<p>Twoje stanowisko pracy w klimatyzowanej sali z dost\u0119pem do Internetu \u2013 20 z\u0142 (godzina). Podane ceny s\u0105 cenami netto i nale\u017cy do nich doliczy\u0107 23% VAT.<\/p>\n","protected":false},"excerpt":{"rendered":"<p>LOKALE BIUROWE Kompleksowe wyposa\u017cenieDo dyspozycji przedsi\u0119biorc\u00f3w oddajemy 17 nowoczesnych lokali biurowych o powierzchni od 12 do 60 m2 \u2013 w tym open space. Ka\u017cdy z nich posiada indywidualn\u0105 klimatyzacj\u0119 i dost\u0119p do Internetu. Najemcy mog\u0105 r\u00f3wnie\u017c korzysta\u0107 z urz\u0105dzenia wielofunkcyjnego (drukarka\/kopiarka\/skaner). Wygoda i komfortWszystkie pomieszczenia s\u0105 wyposa\u017cone w nowoczesne i ergonomiczne meble. Pozwala to koncentrowa\u0107&hellip;<\/p>\n","protected":false},"author":1,"featured_media":108,"parent":0,"menu_order":0,"comment_status":"closed","ping_status":"closed","template":"","meta":{"footnotes":""},"class_list":["post-50","page","type-page","status-publish","has-post-thumbnail","hentry"],"_links":{"self":[{"href":"https:\/\/sipsrodaslaska.pl\/index.php\/wp-json\/wp\/v2\/pages\/50","targetHints":{"allow":["GET"]}}],"collection":[{"href":"https:\/\/sipsrodaslaska.pl\/index.php\/wp-json\/wp\/v2\/pages"}],"about":[{"href":"https:\/\/sipsrodaslaska.pl\/index.php\/wp-json\/wp\/v2\/types\/page"}],"author":[{"embeddable":true,"href":"https:\/\/sipsrodaslaska.pl\/index.php\/wp-json\/wp\/v2\/users\/1"}],"replies":[{"embeddable":true,"href":"https:\/\/sipsrodaslaska.pl\/index.php\/wp-json\/wp\/v2\/comments?post=50"}],"version-history":[{"count":18,"href":"https:\/\/sipsrodaslaska.pl\/index.php\/wp-json\/wp\/v2\/pages\/50\/revisions"}],"predecessor-version":[{"id":765,"href":"https:\/\/sipsrodaslaska.pl\/index.php\/wp-json\/wp\/v2\/pages\/50\/revisions\/765"}],"wp:featuredmedia":[{"embeddable":true,"href":"https:\/\/sipsrodaslaska.pl\/index.php\/wp-json\/wp\/v2\/media\/108"}],"wp:attachment":[{"href":"https:\/\/sipsrodaslaska.pl\/index.php\/wp-json\/wp\/v2\/media?parent=50"}],"curies":[{"name":"wp","href":"https:\/\/api.w.org\/{rel}","templated":true}]}}